{"id":1700,"date":"2021-02-25T12:02:10","date_gmt":"2021-02-25T12:02:10","guid":{"rendered":"https:\/\/www.k-l-d.at\/kld\/?page_id=1700"},"modified":"2022-04-05T11:53:15","modified_gmt":"2022-04-05T11:53:15","slug":"empfehlungen","status":"publish","type":"page","link":"https:\/\/www.k-l-d.at\/kld\/programm\/empfehlungen\/","title":{"rendered":"Empfehlungen"},"content":{"rendered":"<h4><strong>DER PR\u00c4SIDENT EMPFIEHLT, SICH VON DER ERINNERUNG AN DIESEN MENSCHEN INSPIRIEREN ZU LASSEN:<\/strong><\/h4>\n<p><a href=\"https:\/\/www.k-l-d.at\/kld\/wp-content\/uploads\/2022\/04\/Bildschirmfoto-2022-03-30-um-17.35.50.png\"><img loading=\"lazy\" decoding=\"async\" class=\"aligncenter size-full wp-image-37402\" src=\"https:\/\/www.k-l-d.at\/kld\/wp-content\/uploads\/2022\/04\/Bildschirmfoto-2022-03-30-um-17.35.50.png\" alt=\"\" width=\"597\" height=\"400\" srcset=\"https:\/\/www.k-l-d.at\/kld\/wp-content\/uploads\/2022\/04\/Bildschirmfoto-2022-03-30-um-17.35.50.png 597w, https:\/\/www.k-l-d.at\/kld\/wp-content\/uploads\/2022\/04\/Bildschirmfoto-2022-03-30-um-17.35.50-300x201.png 300w\" sizes=\"auto, (max-width: 597px) 100vw, 597px\" \/><\/a><\/p>\n<p>________________________________________________________________________<br \/>\n________________________________________________________________________<\/p>\n<h4>EIN INTERVIEW MIT EINEM WIENER, WELCHES ZUM NACHDENKEN EINL\u00c4DT<\/h4>\n<p>Logisch denken ist etwas wunderbares, etwas f\u00fcrs Verstehen unabdingbar Notwendiges. Doch dar\u00fcber hinaus gibt es noch etwas: der unbewegte Beweger? der letzte Grund? f\u00fcr Josef Zawinul die Quelle der Inspiration. Das sagt er mit klaren und eindeutigen Worten fast genau zur Halbzeit dieser Dokumentation, die es sich aber auf jeden Fall lohnt, ganz anzusehen. Viel Vergn\u00fcgen!<\/p>\n<p><iframe loading=\"lazy\" title=\"Joe Zawinul&#039;s Erdzeit - 2008 - Austrian documentary (English subtitles)\" width=\"604\" height=\"340\" src=\"https:\/\/www.youtube.com\/embed\/uFPdg5lfH6s?feature=oembed\" frameborder=\"0\" allow=\"accelerometer; autoplay; clipboard-write; encrypted-media; gyroscope; picture-in-picture; web-share\" referrerpolicy=\"strict-origin-when-cross-origin\" allowfullscreen><\/iframe><\/p>\n<p>&nbsp;<\/p>\n","protected":false},"excerpt":{"rendered":"<p>DER PR\u00c4SIDENT EMPFIEHLT, SICH VON DER ERINNERUNG AN DIESEN MENSCHEN INSPIRIEREN ZU LASSEN: ________________________________________________________________________ ________________________________________________________________________ EIN INTERVIEW MIT EINEM WIENER, WELCHES ZUM NACHDENKEN EINL\u00c4DT Logisch denken ist etwas wunderbares, etwas f\u00fcrs Verstehen unabdingbar Notwendiges. Doch dar\u00fcber hinaus gibt es noch etwas: der unbewegte Beweger? der letzte Grund? f\u00fcr Josef Zawinul die Quelle der Inspiration. Das &hellip; <a href=\"https:\/\/www.k-l-d.at\/kld\/programm\/empfehlungen\/\" class=\"more-link\"><span class=\"screen-reader-text\">Empfehlungen<\/span> weiterlesen <span class=\"meta-nav\">&rarr;<\/span><\/a><\/p>\n","protected":false},"author":1,"featured_media":0,"parent":12,"menu_order":0,"comment_status":"open","ping_status":"closed","template":"","meta":{"ngg_post_thumbnail":0,"footnotes":""},"class_list":["post-1700","page","type-page","status-publish","hentry"],"aioseo_notices":[],"_links":{"self":[{"href":"https:\/\/www.k-l-d.at\/kld\/wp-json\/wp\/v2\/pages\/1700","targetHints":{"allow":["GET"]}}],"collection":[{"href":"https:\/\/www.k-l-d.at\/kld\/wp-json\/wp\/v2\/pages"}],"about":[{"href":"https:\/\/www.k-l-d.at\/kld\/wp-json\/wp\/v2\/types\/page"}],"author":[{"embeddable":true,"href":"https:\/\/www.k-l-d.at\/kld\/wp-json\/wp\/v2\/users\/1"}],"replies":[{"embeddable":true,"href":"https:\/\/www.k-l-d.at\/kld\/wp-json\/wp\/v2\/comments?post=1700"}],"version-history":[{"count":8,"href":"https:\/\/www.k-l-d.at\/kld\/wp-json\/wp\/v2\/pages\/1700\/revisions"}],"predecessor-version":[{"id":37423,"href":"https:\/\/www.k-l-d.at\/kld\/wp-json\/wp\/v2\/pages\/1700\/revisions\/37423"}],"up":[{"embeddable":true,"href":"https:\/\/www.k-l-d.at\/kld\/wp-json\/wp\/v2\/pages\/12"}],"wp:attachment":[{"href":"https:\/\/www.k-l-d.at\/kld\/wp-json\/wp\/v2\/media?parent=1700"}],"curies":[{"name":"wp","href":"https:\/\/api.w.org\/{rel}","templated":true}]}}